ds digit of 237714773?
4
What is the millions digit of 224889873?
4
What is the billions digit of 4231564925?
4
What is the thousands digit of 2235011047?
1
What is the ten thousands digit of 208791722?
9
What is the ten thousands digit of 413397599?
9
What is the billions digit of 2015430404?
2
What is the hundred millions digit of 752758040?
7
What is the hundred millions digit of 3681304660?
6
What is the units digit of 1978810896?
6
What is the units digit of 543232145?
5
What is the ten thousands digit of 124393606?
9
What is the millions digit of 653474287?
3
What is the hundred millions digit of 1507071796?
5
What is the thousands digit of 46505594?
5
What is the millions digit of 56760850?
6
What is the thousands digit of 92329050?
9
What is the ten millions digit of 2646333981?
4
What is the hundreds digit of 85559117?
1
What is the hundreds digit of 6368199851?
8
What is the hundred thousands digit of 10232258?
2
What is the billions digit of 3056514609?
3
What is the millions digit of 1135893425?
5
What is the ten thousands digit of 6698900385?
0
What is the thousands digit of 20958583?
8
What is the billions digit of 1176364194?
1
What is the thousands digit of 1019454806?
4
What is the hundred thousands digit of 1497048031?
0
What is the hundreds digit of 93777360?
3
What is the millions digit of 5900274?
5
What is the millions digit of 3045398033?
5
What is the ten millions digit of 43034667?
4
What is the units digit of 186010052?
2
What is the ten millions digit of 154755007?
5
What is the units digit of 448869509?
9
What is the ten millions digit of 908550357?
0
What is the hundred thousands digit of 2453701224?
7
What is the ten millions digit of 2856666034?
5
What is the hundred thousands digit of 70874324?
8
What is the ten millions digit of 2405985744?
0
What is the hundred thousands digit of 611229143?
2
What is the thousands digit of 327272874?
2
What is the ten millions digit of 52116676?
5
What is the ten millions digit of 63597719?
6
What is the units digit of 6249351223?
3
What is the hundreds digit of 148691659?
6
What is the thousands digit of 1596729023?
9
What is the thousands digit of 357737769?
7
What is the hundred thousands digit of 61345302?
3
What is the hundred millions digit of 217637218?
2
What is the units digit of 17381110?
0
What is the millions digit of 5872940186?
2
What is the hundred thousands digit of 44135643?
1
What is the ten millions digit of 44686530?
4
What is the ten millions digit of 887640043?
8
What is the tens digit of 657760940?
4
What is the ten millions digit of 427330991?
2
What is the hundred thousands digit of 31466615?
4
What is the ten millions digit of 474791266?
7
What is the thousands digit of 2462355079?
5
What is the hundred thousands digit of 22958968?
9
What is the thousands digit of 89130016?
0
What is the hundred millions digit of 1892686053?
8
What is the hundreds digit of 51415015?
0
What is the thousands digit of 424223960?
3
What is the tens digit of 655566393?
9
What is the hundred thousands digit of 5215862246?
8
What is the hundred thousands digit of 461726275?
7
What is the hundreds digit of 6073201977?
9
What is the hundred millions digit of 3029489802?
0
What is the hundreds digit of 17723929?
9
What is the tens digit of 366079042?
4
What is the ten millions digit of 4996652455?
9
What is the ten thousands digit of 3469596?
6
What is the thousands digit of 5148155133?
5
What is the hundred thousands digit of 715685068?
6
What is the hundreds digit of 829273828?
8
What is the hundreds digit of 2846869571?
5
What is the hundreds digit of 538638893?
8
What is the hundred millions digit of 266559291?
2
What is the ten thousands digit of 428533082?
3
What is the tens digit of 391263177?
7
What is the hundred thousands digit of 795331105?
3
What is the hundred millions digit of 271527341?
2
What is the ten millions digit of 49714749?
4
What is the tens digit of 531767919?
1
What is the units digit of 2543665149?
9
What is the hundred thousands digit of 4193879297?
8
What is the ten millions digit of 70488392?
7
What is the thousands digit of 1818034626?
4
What is the ten millions digit of 412946462?
1
What is the units digit of 527506803?
3
What is the hundred thousands digit of 29014823?
0
What is the ten thousands digit of 1282480605?
8
What is the millions digit of 47792405?
7
What is the ten millions digit of 3834852590?
3
What is the tens digit of 3786225?
2
What is the millions digit of 91178501?
1
What is the tens digit of 40053271?
7
What is the units digit of 356966055?
5
What is the millions digit of 485509887?
5
What is the hundred thousands digit of 60797081?
7
What is the ten thousands digit of 46620367?
2
What is the hundred thousands digit of 1173260617?
2
What is the thousands digit of 834299753?
9
What is the millions digit of 345005173?
5
What is the millions digit of 4685556356?
5
What is the ten thousands digit of 73758763?
5
What is the ten thousands digit of 98415836?
1
What is the tens digit of 227236164?
6
What is the ten thousands digit of 5183949?
8
What is the thousands digit of 200980797?
0
What is the hundred millions digit of 266760598?
2
What is the ten millions digit of 46216014?
4
What is the ten thousands digit of 895543636?
4
What is the units digit of 1985858547?
7
What is the hundred thousands digit of 391706007?
7
What is the hundred thousands digit of 47562848?
5
What is the millions digit of 20619268?
0
What is the hundred millions digit of 1659432772?
6
What is the millions digit of 415845146?
5
What is the hundred thousands digit of 356067225?
0
What is the billions digit of 3581992473?
3
What is the thousands digit of 2816535184?
5
What is the units digit of 1174505826?
6
What is the hundred millions digit of 731054958?
7
What is the hundreds digit of 2352397979?
9
What is the thousands digit of 119237309?
7
What is the ten millions digit of 470236719?
7
What is the units digit of 38584377?
7
What is the hundred thousands digit of 42720220?
7
What is the ten millions digit of 323963472?
2
What is the thousands digit of 2437122299?
2
What is the thousands digit of 61988369?
8
What is the hundreds digit of 12990350?
3
What is the millions digit of 5372557389?
2
What is the units digit of 22648822?
2
What is the ten millions digit of 323750268?
2
What is the ten millions digit of 18804511?
1
What is the hundreds digit of 22858298?
2
What is the ten thousands digit of 523507657?
0
What is the units digit of 91696598?
8
What is the thousands digit of 165292387?
2
What is the units digit of 2567792?
2
What is the tens digit of 40192621?
2
What is the ten thousands digit of 122399158?
9
What is the units digit of 70890685?
5
What is the thousands digit of 1057821956?
1
What is the hundred millions digit of 126691190?
1
What is the units digit of 951748545?
5
What is the hundred millions digit of 6832960792?
8
What is the thousands digit of 1772892335?
2
What is the units digit of 611837823?
3
What is the hundred thousands digit of 103793633?
7
What is the ten millions digit of 459544465?
5
What is the thousands digit of 52640862?
0
What is the hundred thousands digit of 88157166?
1
What is the hundred thousands digit of 77755329?
7
What is the ten thousands digit of 52816058?
1
What is the millions digit of 40631986?
0
What is the hundreds digit of 161884165?
1
What is the hundred thousands digit of 2090841255?
8
What is the hundred millions digit of 197247221?
1
What is the hundred millions digit of 244956064?
2
What is the millions digit of 60160754?
0
What is the hundred thousands digit of 103420534?
4
What is the ten thousands digit of 16467357?
6
What is the tens digit of 610626942?
4
What is the units digit of 2099333690?
0
What is the ten thousands digit of 310136165?
3
What is the ten thousands digit of 7164485289?
8
What is the millions digit of 72329272?
2
What is the hundred thousands digit of 159461848?
4
What is the units digit of 63796353?
3
What is the millions digit of 1808250989?
8
What is the hundreds digit of 42433410?
4
What is the hundred thousands digit of 96311748?
3
What is the tens digit of 472117267?
6
What is the ten millions digit of 6443148550?
4
What is the units digit of 734506077?
7
What is th